{"id":76,"date":"2016-10-30T16:41:41","date_gmt":"2016-10-30T16:41:41","guid":{"rendered":"http:\/\/www.gabinete118.com\/wordpress\/?page_id=76"},"modified":"2016-10-30T21:10:07","modified_gmt":"2016-10-30T21:10:07","slug":"equipa","status":"publish","type":"page","link":"https:\/\/www.gabinete118.com\/?page_id=76","title":{"rendered":"Equipa"},"content":{"rendered":"<p>O Gabinete 118 disp\u00f5e de uma equipa t\u00e9cnica multidisciplinar composta por um conjunto de profissionais que aliam uma vasta experi\u00eancia em fiscaliza\u00e7\u00e3o e coordena\u00e7\u00e3o de seguran\u00e7a, a um profundo conhecimento e experi\u00eancia como projectistas.<\/p>\n<style type=\"text\/css\">#team-75{\r\n\t\t\t\t\t\tbackground: #ffffff url() repeat scroll 0 0;\r\n\t\t\t\t\t\ttext-align:center;\r\n\t\t\t\t\t\t}\r\n\t\t\t\t\t\t#team-75 .item{\r\n\t\t\t\t\t\t\r\n\t\t\t\t\t\ttext-align:left;\r\n\t\t\t\t\t\tmargin:15px;\r\n\t\t\t\t\t\t}\r\n\t\t\t\t\t\t\r\n\t\t\t\t@media only screen and (min-width: 1024px ) {\r\n\t\t\t\t#team-75 .item{width:200px}\r\n\t\t\t\t\r\n\t\t\t\t}\r\n\t\t\t\t\r\n\t\t\t\t@media only screen and ( min-width: 768px ) and ( max-width: 1023px ) {\r\n\t\t\t\t#team-75 .item{width:45%}\r\n\t\t\t\t}\r\n\t\t\t\t\r\n\t\t\t\t@media only screen and ( min-width: 320px ) and ( max-width: 767px ) {\r\n\t\t\t\t#team-75 .item{width:90%}\r\n\t\t\t\t}\r\n\t\t\t\t@media only screen and (min-width: 1024px ) {\r\n\t\t\t\t#team-75 .item .layer-media .team-thumb{max-height:10000px}\r\n\t\t\t\t\r\n\t\t\t\t}\r\n\t\t\t\t\r\n\t\t\t\t@media only screen and ( min-width: 768px ) and ( max-width: 1023px ) {\r\n\t\t\t\t#team-75 .item .layer-media .team-thumb{max-height:}\r\n\t\t\t\t}\r\n\t\t\t\t\r\n\t\t\t\t@media only screen and ( min-width: 0px ) and ( max-width: 767px ) {\r\n\t\t\t\t#team-75 .item .layer-media .team-thumb{max-height:}\r\n\t\t\t\t}#team-75 .team-social span {\r\n\t\t\t\t\t\t  width: 25px !important;\r\n\t\t\t\t\t\t  height:25px !important;\r\n\t\t\t\t\t\t}.team-container #team-75{} .team-container #team-75 .team-item{} .team-container #team-75 .team-thumb{} .team-container #team-75 .team-title{} .team-container #team-75 .team-content{}#team-75 .paginate .page-numbers, #team-75 .paginate .pager {\r\n\t\t\t\tbackground: none repeat scroll 0 0 #2eb3f8 !important;\r\n\t\t\t\t}\r\n\t\t\t\t#team-75 .paginate .current, #team-75 .paginate .page-numbers:hover,#team-75 .paginate .pager.active,#team-75 .paginate .pager:hover  {\r\n\t\t\t\tbackground: none repeat scroll 0 0 #249bd9 !important;\r\n\t\t\t\t}\r\n\t\t\t\t#team-75 .team-filter .filter{\r\n\t\t\t\tbackground: none repeat scroll 0 0 #d6d6d6 !important;\r\n\t\t\t\t}\r\n\t\t\t\t#team-75 .team-filter .filter.active{\r\n\t\t\t\tbackground: none repeat scroll 0 0 #adadad !important;\r\n\t\t\t\t}\r\n\t\t\t\t#team-75 .team-filter .filter{\r\n\t\t\t\tcolor: #666666 !important;\r\n\t\t\t\t}\r\n\t\t\t\t<\/style><div id=\"team-75\" class=\"team-container\"><div class=\"team-items\"><div class=\"item skin socio-gerente  flat\" style=\"min-height: 370px;\" ><div class=\"layer-media\"><div class=\"team-thumb\"><img src=\"https:\/\/www.gabinete118.com\/wp-content\/uploads\/2025\/01\/FOTO-ENG-GUEDES-150x150.jpg\" \/><\/div><\/div><div class=\"layer-content\"><div class=\"team-title \" style=\"color:#333;font-size:14px\">Eng. Guedes de Carvalho<\/div><div class=\"team-position\" style=\"color:#333;font-size:13px\">S\u00f3cio-Gerente<\/div><div class=\"team-content\" style=\"color:#333;font-size:13px;\">Membro S\u00e9nior da Ordem dos Engenheiros<\/div><div class=\"team-social image_icon semi-rounded\" ><span  class=\"email\">\r\n\t\t\t\t\t\t\t\t\t<a title=\"Email\" href=\"mailto:guedesdecarvalho@net.sapo.pt\"><\/a>\r\n\t\t\t\t\t\t\t\t<\/span><\/div><\/div><\/div><div class=\"item skin socio-gerente  flat\" style=\"min-height: 370px;\" ><div class=\"layer-media\"><div class=\"team-thumb\"><img src=\"https:\/\/www.gabinete118.com\/wp-content\/uploads\/2025\/01\/FOTO_ENG-BASTOS-E-SILVA-150x150.jpg\" \/><\/div><\/div><div class=\"layer-content\"><div class=\"team-title \" style=\"color:#333;font-size:14px\">Eng. Bastos e Silva<\/div><div class=\"team-position\" style=\"color:#333;font-size:13px\">S\u00f3cio-Gerente<\/div><div class=\"team-content\" style=\"color:#333;font-size:13px;\">Membro S\u00e9nior da Ordem dos Engenheiros<\/div><div class=\"team-social image_icon semi-rounded\" ><\/div><\/div><\/div><div class=\"item skin engenheiro-civil  flat\" style=\"min-height: 370px;\" ><div class=\"layer-media\"><div class=\"team-thumb\"><img src=\"https:\/\/www.gabinete118.com\/wp-content\/uploads\/2025\/01\/FOTO_ENG-ABREU-150x150.jpg\" \/><\/div><\/div><div class=\"layer-content\"><div class=\"team-title \" style=\"color:#333;font-size:14px\">Eng. Fernando Abreu<\/div><div class=\"team-position\" style=\"color:#333;font-size:13px\">Engenheiro Civil<\/div><div class=\"team-content\" style=\"color:#333;font-size:13px;\">Membro da Ordem dos Engenheiros<\/div><div class=\"team-social image_icon semi-rounded\" ><span  class=\"email\">\r\n\t\t\t\t\t\t\t\t\t<a title=\"Email\" href=\"mailto:fabreu.gab118@gmail.com\"><\/a>\r\n\t\t\t\t\t\t\t\t<\/span><\/div><\/div><\/div><div class=\"item skin engenheira-civil  flat\" style=\"min-height: 370px;\" ><div class=\"layer-media\"><div class=\"team-thumb\"><img src=\"https:\/\/www.gabinete118.com\/wp-content\/uploads\/2025\/01\/FOTO_ENG-SANDRA-150x150.jpg\" \/><\/div><\/div><div class=\"layer-content\"><div class=\"team-title \" style=\"color:#333;font-size:14px\">Eng. Sandra Borges<\/div><div class=\"team-position\" style=\"color:#333;font-size:13px\">Engenheira Civil<\/div><div class=\"team-content\" style=\"color:#333;font-size:13px;\">Membro S\u00e9nior da Ordem dos Engenheiros<\/div><div class=\"team-social image_icon semi-rounded\" ><span  class=\"email\">\r\n\t\t\t\t\t\t\t\t\t<a title=\"Email\" href=\"mailto:sandraborges_gab118@mail.telepac.pt\"><\/a>\r\n\t\t\t\t\t\t\t\t<\/span><\/div><\/div><\/div><div class=\"item skin engenheiro-civil  flat\" style=\"min-height: 370px;\" ><div class=\"layer-media\"><div class=\"team-thumb\"><img src=\"https:\/\/www.gabinete118.com\/wp-content\/uploads\/2025\/01\/FOTO-FREDERICO-150x150.jpg\" \/><\/div><\/div><div class=\"layer-content\"><div class=\"team-title \" style=\"color:#333;font-size:14px\">Eng. Frederico Martins<\/div><div class=\"team-position\" style=\"color:#333;font-size:13px\">Engenheiro Civil<\/div><div class=\"team-content\" style=\"color:#333;font-size:13px;\">Membro da Ordem dos Engenheiros T\u00e9cnicos<\/div><div class=\"team-social image_icon semi-rounded\" ><\/div><\/div><\/div><div class=\"item skin engenheiro-civil  flat\" style=\"min-height: 370px;\" ><div class=\"layer-media\"><div class=\"team-thumb\"><img src=\"https:\/\/www.gabinete118.com\/wp-content\/uploads\/2025\/01\/FOTO-JOAO-MACHADO-150x150.jpg\" \/><\/div><\/div><div class=\"layer-content\"><div class=\"team-title \" style=\"color:#333;font-size:14px\">Eng. Jo\u00e3o Machado<\/div><div class=\"team-position\" style=\"color:#333;font-size:13px\">Engenheiro Civil<\/div><div class=\"team-content\" style=\"color:#333;font-size:13px;\">Membro da Ordem dos Engenheiros<\/div><div class=\"team-social image_icon semi-rounded\" ><\/div><\/div><\/div><div class=\"item skin tecnica-superior-de-seguranca-no-trabalho  flat\" style=\"min-height: 370px;\" ><div class=\"layer-media\"><div class=\"team-thumb\"><img src=\"https:\/\/www.gabinete118.com\/wp-content\/uploads\/2025\/01\/FOTO-NICOLE-150x150.jpg\" \/><\/div><\/div><div class=\"layer-content\"><div class=\"team-title \" style=\"color:#333;font-size:14px\">Dra. Nicole Medeiros<\/div><div class=\"team-position\" style=\"color:#333;font-size:13px\">T\u00e9cnica Superior de Seguran\u00e7a no Trabalho<\/div><div class=\"team-content\" style=\"color:#333;font-size:13px;\"><\/div><div class=\"team-social image_icon semi-rounded\" ><\/div><\/div><\/div><div class=\"item skin tecnica-superior-de-seguranca-no-trabalho  flat\" style=\"min-height: 370px;\" ><div class=\"layer-media\"><div class=\"team-thumb\"><img src=\"https:\/\/www.gabinete118.com\/wp-content\/uploads\/2025\/01\/FOTO-IRINA-150x150.jpg\" \/><\/div><\/div><div class=\"layer-content\"><div class=\"team-title \" style=\"color:#333;font-size:14px\">Dra. Irina Perry<\/div><div class=\"team-position\" style=\"color:#333;font-size:13px\">T\u00e9cnica Superior de Seguran\u00e7a no Trabalho<\/div><div class=\"team-content\" style=\"color:#333;font-size:13px;\"><\/div><div class=\"team-social image_icon semi-rounded\" ><\/div><\/div><\/div><div class=\"item skin fiscal-de-construcao-civil  flat\" style=\"min-height: 370px;\" ><div class=\"layer-media\"><div class=\"team-thumb\"><img src=\"https:\/\/www.gabinete118.com\/wp-content\/uploads\/2025\/01\/FOTO-RENATO-150x150.jpg\" \/><\/div><\/div><div class=\"layer-content\"><div class=\"team-title \" style=\"color:#333;font-size:14px\">Renato Carvalho<\/div><div class=\"team-position\" style=\"color:#333;font-size:13px\">Fiscal de Constru\u00e7\u00e3o Civil<\/div><div class=\"team-content\" style=\"color:#333;font-size:13px;\"><\/div><div class=\"team-social image_icon semi-rounded\" ><\/div><\/div><\/div><div class=\"item skin fiscal-de-construcao-civil  flat\" style=\"min-height: 370px;\" ><div class=\"layer-media\"><div class=\"team-thumb\"><img src=\"https:\/\/www.gabinete118.com\/wp-content\/uploads\/2025\/01\/FOTO_HENRIQUE-150x150.jpg\" \/><\/div><\/div><div class=\"layer-content\"><div class=\"team-title \" style=\"color:#333;font-size:14px\">Henrique Martins<\/div><div class=\"team-position\" style=\"color:#333;font-size:13px\">Fiscal de Constru\u00e7\u00e3o Civil<\/div><div class=\"team-content\" style=\"color:#333;font-size:13px;\"><\/div><div class=\"team-social image_icon semi-rounded\" ><\/div><\/div><\/div><div class=\"item skin fiscal-de-construcao-civil  flat\" style=\"min-height: 370px;\" ><div class=\"layer-media\"><div class=\"team-thumb\"><img src=\"https:\/\/www.gabinete118.com\/wp-content\/uploads\/2025\/01\/FOTO-JOAO-CARDOSO-150x150.jpg\" \/><\/div><\/div><div class=\"layer-content\"><div class=\"team-title \" style=\"color:#333;font-size:14px\">Jo\u00e3o Cardoso<\/div><div class=\"team-position\" style=\"color:#333;font-size:13px\">Fiscal de Constru\u00e7\u00e3o Civil<\/div><div class=\"team-content\" style=\"color:#333;font-size:13px;\"><\/div><div class=\"team-social image_icon semi-rounded\" ><\/div><\/div><\/div><div class=\"item skin servicos-administrativos  flat\" style=\"min-height: 370px;\" ><div class=\"layer-media\"><div class=\"team-thumb\"><img src=\"https:\/\/www.gabinete118.com\/wp-content\/uploads\/2025\/01\/FOTO-JUDITE-150x150.jpg\" \/><\/div><\/div><div class=\"layer-content\"><div class=\"team-title \" style=\"color:#333;font-size:14px\">Judite Moniz<\/div><div class=\"team-position\" style=\"color:#333;font-size:13px\">Servi\u00e7os Administrativos<\/div><div class=\"team-content\" style=\"color:#333;font-size:13px;\"><\/div><div class=\"team-social image_icon semi-rounded\" ><span  class=\"email\">\r\n\t\t\t\t\t\t\t\t\t<a title=\"Email\" href=\"mailto:gab118@mail.telepac.pt\"><\/a>\r\n\t\t\t\t\t\t\t\t<\/span><\/div><\/div><\/div><div class=\"item skin servicos-administrativos  flat\" style=\"min-height: 370px;\" ><div class=\"layer-media\"><div class=\"team-thumb\"><img src=\"https:\/\/www.gabinete118.com\/wp-content\/uploads\/2025\/01\/FOTO_SARA-150x150.jpg\" \/><\/div><\/div><div class=\"layer-content\"><div class=\"team-title \" style=\"color:#333;font-size:14px\">Sara Sousa<\/div><div class=\"team-position\" style=\"color:#333;font-size:13px\">Servi\u00e7os Administrativos<\/div><div class=\"team-content\" style=\"color:#333;font-size:13px;\"><\/div><div class=\"team-social image_icon semi-rounded\" ><\/div><\/div><\/div><\/div><script>\r\n\t\t\t\t\t\t\t\tjQuery(window).load(function(){   jQuery(\"#team-75 .team-items\").masonry({isFitWidth: true}); });\r\n\t\r\n\t\t\t\t\t<\/script><style type=\"text\/css\">\r\n\t\t\t\t\r\n\t\t\t\t\t\t#team-75.team-items {\r\n\t\t\t\t\t\t  margin: 0 auto !important;\r\n\t\t\t\t\t\t}\r\n\t\t\t\t\t\t<\/style>\r\n\t\t\t\t\t\t<\/div>\n","protected":false},"excerpt":{"rendered":"<p>O Gabinete 118 disp\u00f5e de uma equipa t\u00e9cnica multidisciplinar composta por um conjunto de profissionais que aliam uma vasta experi\u00eancia em fiscaliza\u00e7\u00e3o e coordena\u00e7\u00e3o de seguran\u00e7a, a um profundo conhecimento e experi\u00eancia como projectistas.<\/p>\n","protected":false},"author":1,"featured_media":0,"parent":0,"menu_order":0,"comment_status":"closed","ping_status":"closed","template":"","meta":[],"_links":{"self":[{"href":"https:\/\/www.gabinete118.com\/index.php?rest_route=\/wp\/v2\/pages\/76"}],"collection":[{"href":"https:\/\/www.gabinete118.com\/index.php?rest_route=\/wp\/v2\/pages"}],"about":[{"href":"https:\/\/www.gabinete118.com\/index.php?rest_route=\/wp\/v2\/types\/page"}],"author":[{"embeddable":true,"href":"https:\/\/www.gabinete118.com\/index.php?rest_route=\/wp\/v2\/users\/1"}],"replies":[{"embeddable":true,"href":"https:\/\/www.gabinete118.com\/index.php?rest_route=%2Fwp%2Fv2%2Fcomments&post=76"}],"version-history":[{"count":5,"href":"https:\/\/www.gabinete118.com\/index.php?rest_route=\/wp\/v2\/pages\/76\/revisions"}],"predecessor-version":[{"id":99,"href":"https:\/\/www.gabinete118.com\/index.php?rest_route=\/wp\/v2\/pages\/76\/revisions\/99"}],"wp:attachment":[{"href":"https:\/\/www.gabinete118.com\/index.php?rest_route=%2Fwp%2Fv2%2Fmedia&parent=76"}],"curies":[{"name":"wp","href":"https:\/\/api.w.org\/{rel}","templated":true}]}}

<p>O Gabinete 118 dispõe de uma equipa técnica multidisciplinar composta por um conjunto de profissionais que aliam uma vasta experiência em fiscalização e coordenação de segurança, a um profundo conhecimento e experiência como projectistas.</p>
<style type="text/css">#team-75{
						background: #ffffff url() repeat scroll 0 0;
						text-align:center;
						}
						#team-75 .item{
						
						text-align:left;
						margin:15px;
						}
						
				@media only screen and (min-width: 1024px ) {
				#team-75 .item{width:200px}
				
				}
				
				@media only screen and ( min-width: 768px ) and ( max-width: 1023px ) {
				#team-75 .item{width:45%}
				}
				
				@media only screen and ( min-width: 320px ) and ( max-width: 767px ) {
				#team-75 .item{width:90%}
				}
				@media only screen and (min-width: 1024px ) {
				#team-75 .item .layer-media .team-thumb{max-height:10000px}
				
				}
				
				@media only screen and ( min-width: 768px ) and ( max-width: 1023px ) {
				#team-75 .item .layer-media .team-thumb{max-height:}
				}
				
				@media only screen and ( min-width: 0px ) and ( max-width: 767px ) {
				#team-75 .item .layer-media .team-thumb{max-height:}
				}#team-75 .team-social span {
						  width: 25px !important;
						  height:25px !important;
						}.team-container #team-75{} .team-container #team-75 .team-item{} .team-container #team-75 .team-thumb{} .team-container #team-75 .team-title{} .team-container #team-75 .team-content{}#team-75 .paginate .page-numbers, #team-75 .paginate .pager {
				background: none repeat scroll 0 0 #2eb3f8 !important;
				}
				#team-75 .paginate .current, #team-75 .paginate .page-numbers:hover,#team-75 .paginate .pager.active,#team-75 .paginate .pager:hover  {
				background: none repeat scroll 0 0 #249bd9 !important;
				}
				#team-75 .team-filter .filter{
				background: none repeat scroll 0 0 #d6d6d6 !important;
				}
				#team-75 .team-filter .filter.active{
				background: none repeat scroll 0 0 #adadad !important;
				}
				#team-75 .team-filter .filter{
				color: #666666 !important;
				}
				</style><div id="team-75" class="team-container"><div class="team-items"><div class="item skin socio-gerente  flat" style="min-height: 370px;" ><div class="layer-media"><div class="team-thumb"><img src="https://www.gabinete118.com/wp-content/uploads/2025/01/FOTO-ENG-GUEDES-150x150.jpg" /></div></div><div class="layer-content"><div class="team-title " style="color:#333;font-size:14px">Eng. Guedes de Carvalho</div><div class="team-position" style="color:#333;font-size:13px">Sócio-Gerente</div><div class="team-content" style="color:#333;font-size:13px;">Membro Sénior da Ordem dos Engenheiros</div><div class="team-social image_icon semi-rounded" ><span  class="email">
									<a title="Email" href="mailto:guedesdecarvalho@net.sapo.pt"></a>
								</span></div></div></div><div class="item skin socio-gerente  flat" style="min-height: 370px;" ><div class="layer-media"><div class="team-thumb"><img src="https://www.gabinete118.com/wp-content/uploads/2025/01/FOTO_ENG-BASTOS-E-SILVA-150x150.jpg" /></div></div><div class="layer-content"><div class="team-title " style="color:#333;font-size:14px">Eng. Bastos e Silva</div><div class="team-position" style="color:#333;font-size:13px">Sócio-Gerente</div><div class="team-content" style="color:#333;font-size:13px;">Membro Sénior da Ordem dos Engenheiros</div><div class="team-social image_icon semi-rounded" ></div></div></div><div class="item skin engenheiro-civil  flat" style="min-height: 370px;" ><div class="layer-media"><div class="team-thumb"><img src="https://www.gabinete118.com/wp-content/uploads/2025/01/FOTO_ENG-ABREU-150x150.jpg" /></div></div><div class="layer-content"><div class="team-title " style="color:#333;font-size:14px">Eng. Fernando Abreu</div><div class="team-position" style="color:#333;font-size:13px">Engenheiro Civil</div><div class="team-content" style="color:#333;font-size:13px;">Membro da Ordem dos Engenheiros</div><div class="team-social image_icon semi-rounded" ><span  class="email">
									<a title="Email" href="mailto:fabreu.gab118@gmail.com"></a>
								</span></div></div></div><div class="item skin engenheira-civil  flat" style="min-height: 370px;" ><div class="layer-media"><div class="team-thumb"><img src="https://www.gabinete118.com/wp-content/uploads/2025/01/FOTO_ENG-SANDRA-150x150.jpg" /></div></div><div class="layer-content"><div class="team-title " style="color:#333;font-size:14px">Eng. Sandra Borges</div><div class="team-position" style="color:#333;font-size:13px">Engenheira Civil</div><div class="team-content" style="color:#333;font-size:13px;">Membro Sénior da Ordem dos Engenheiros</div><div class="team-social image_icon semi-rounded" ><span  class="email">
									<a title="Email" href="mailto:sandraborges_gab118@mail.telepac.pt"></a>
								</span></div></div></div><div class="item skin engenheiro-civil  flat" style="min-height: 370px;" ><div class="layer-media"><div class="team-thumb"><img src="https://www.gabinete118.com/wp-content/uploads/2025/01/FOTO-FREDERICO-150x150.jpg" /></div></div><div class="layer-content"><div class="team-title " style="color:#333;font-size:14px">Eng. Frederico Martins</div><div class="team-position" style="color:#333;font-size:13px">Engenheiro Civil</div><div class="team-content" style="color:#333;font-size:13px;">Membro da Ordem dos Engenheiros Técnicos</div><div class="team-social image_icon semi-rounded" ></div></div></div><div class="item skin engenheiro-civil  flat" style="min-height: 370px;" ><div class="layer-media"><div class="team-thumb"><img src="https://www.gabinete118.com/wp-content/uploads/2025/01/FOTO-JOAO-MACHADO-150x150.jpg" /></div></div><div class="layer-content"><div class="team-title " style="color:#333;font-size:14px">Eng. João Machado</div><div class="team-position" style="color:#333;font-size:13px">Engenheiro Civil</div><div class="team-content" style="color:#333;font-size:13px;">Membro da Ordem dos Engenheiros</div><div class="team-social image_icon semi-rounded" ></div></div></div><div class="item skin tecnica-superior-de-seguranca-no-trabalho  flat" style="min-height: 370px;" ><div class="layer-media"><div class="team-thumb"><img src="https://www.gabinete118.com/wp-content/uploads/2025/01/FOTO-NICOLE-150x150.jpg" /></div></div><div class="layer-content"><div class="team-title " style="color:#333;font-size:14px">Dra. Nicole Medeiros</div><div class="team-position" style="color:#333;font-size:13px">Técnica Superior de Segurança no Trabalho</div><div class="team-content" style="color:#333;font-size:13px;"></div><div class="team-social image_icon semi-rounded" ></div></div></div><div class="item skin tecnica-superior-de-seguranca-no-trabalho  flat" style="min-height: 370px;" ><div class="layer-media"><div class="team-thumb"><img src="https://www.gabinete118.com/wp-content/uploads/2025/01/FOTO-IRINA-150x150.jpg" /></div></div><div class="layer-content"><div class="team-title " style="color:#333;font-size:14px">Dra. Irina Perry</div><div class="team-position" style="color:#333;font-size:13px">Técnica Superior de Segurança no Trabalho</div><div class="team-content" style="color:#333;font-size:13px;"></div><div class="team-social image_icon semi-rounded" ></div></div></div><div class="item skin fiscal-de-construcao-civil  flat" style="min-height: 370px;" ><div class="layer-media"><div class="team-thumb"><img src="https://www.gabinete118.com/wp-content/uploads/2025/01/FOTO-RENATO-150x150.jpg" /></div></div><div class="layer-content"><div class="team-title " style="color:#333;font-size:14px">Renato Carvalho</div><div class="team-position" style="color:#333;font-size:13px">Fiscal de Construção Civil</div><div class="team-content" style="color:#333;font-size:13px;"></div><div class="team-social image_icon semi-rounded" ></div></div></div><div class="item skin fiscal-de-construcao-civil  flat" style="min-height: 370px;" ><div class="layer-media"><div class="team-thumb"><img src="https://www.gabinete118.com/wp-content/uploads/2025/01/FOTO_HENRIQUE-150x150.jpg" /></div></div><div class="layer-content"><div class="team-title " style="color:#333;font-size:14px">Henrique Martins</div><div class="team-position" style="color:#333;font-size:13px">Fiscal de Construção Civil</div><div class="team-content" style="color:#333;font-size:13px;"></div><div class="team-social image_icon semi-rounded" ></div></div></div><div class="item skin fiscal-de-construcao-civil  flat" style="min-height: 370px;" ><div class="layer-media"><div class="team-thumb"><img src="https://www.gabinete118.com/wp-content/uploads/2025/01/FOTO-JOAO-CARDOSO-150x150.jpg" /></div></div><div class="layer-content"><div class="team-title " style="color:#333;font-size:14px">João Cardoso</div><div class="team-position" style="color:#333;font-size:13px">Fiscal de Construção Civil</div><div class="team-content" style="color:#333;font-size:13px;"></div><div class="team-social image_icon semi-rounded" ></div></div></div><div class="item skin servicos-administrativos  flat" style="min-height: 370px;" ><div class="layer-media"><div class="team-thumb"><img src="https://www.gabinete118.com/wp-content/uploads/2025/01/FOTO-JUDITE-150x150.jpg" /></div></div><div class="layer-content"><div class="team-title " style="color:#333;font-size:14px">Judite Moniz</div><div class="team-position" style="color:#333;font-size:13px">Serviços Administrativos</div><div class="team-content" style="color:#333;font-size:13px;"></div><div class="team-social image_icon semi-rounded" ><span  class="email">
									<a title="Email" href="mailto:gab118@mail.telepac.pt"></a>
								</span></div></div></div><div class="item skin servicos-administrativos  flat" style="min-height: 370px;" ><div class="layer-media"><div class="team-thumb"><img src="https://www.gabinete118.com/wp-content/uploads/2025/01/FOTO_SARA-150x150.jpg" /></div></div><div class="layer-content"><div class="team-title " style="color:#333;font-size:14px">Sara Sousa</div><div class="team-position" style="color:#333;font-size:13px">Serviços Administrativos</div><div class="team-content" style="color:#333;font-size:13px;"></div><div class="team-social image_icon semi-rounded" ></div></div></div></div><script>
								jQuery(window).load(function(){   jQuery("#team-75 .team-items").masonry({isFitWidth: true}); });
	
					</script><style type="text/css">
				
						#team-75.team-items {
						  margin: 0 auto !important;
						}
						</style>
						</div>

<p>O Gabinete 118 dispõe de uma equipa técnica multidisciplinar composta por um conjunto de profissionais que aliam uma vasta experiência em fiscalização e coordenação de segurança, a um profundo conhecimento e experiência como projectistas.</p>
